{"id":2,"date":"2021-04-18T10:46:38","date_gmt":"2021-04-18T08:46:38","guid":{"rendered":"http:\/\/lamecanosoudure.fr\/?page_id=2"},"modified":"2021-04-19T10:37:27","modified_gmt":"2021-04-19T08:37:27","slug":"nos-metiers","status":"publish","type":"page","link":"https:\/\/lamecanosoudure.fr\/index.php\/nos-metiers\/","title":{"rendered":"Nos m\u00e9tiers"},"content":{"rendered":"\n<h2 class=\"has-text-align-center has-text-color\" style=\"color:#00aed4\">La m\u00e9canosoudure<\/h2>\n\n\n\n<figure class=\"wp-block-pullquote\"><blockquote><p>Avec le proc\u00e9d\u00e9 de m\u00e9cano-soudure, on construit des assemblages complexes\u00a0 \u00e0 moindre co\u00fbt \u00e0 partir d\u2019\u00e9l\u00e9ments de diff\u00e9rentes formes.<\/p><\/blockquote><\/figure>\n\n\n\n<h4>Objectifs<br>&#8230;&#8230;..<\/h4>\n\n\n\n<h4>Proc\u00e9d\u00e9s<br>&#8230;&#8230;..<\/h4>\n\n\n\n<h2 class=\"has-text-align-center has-text-color\" style=\"color:#00aed4\">La Serrurerie<\/h2>\n\n\n\n<figure class=\"wp-block-pullquote\"><blockquote><p>Que vous ayez besoin d\u2019installer une serrure de haute s\u00fbret\u00e9 ou que vous souhaitiez d\u00e9panner votre serrure ou la fermeture centralis\u00e9e de votre voiture, nous interviendrons.<\/p><\/blockquote><\/figure>\n\n\n\n<h4>Objectifs<br>&#8230;&#8230;..<\/h4>\n\n\n\n<h4>Proc\u00e9d\u00e9s<br>&#8230;&#8230;..<\/h4>\n\n\n\n<h2 class=\"has-text-align-center has-text-color\" style=\"color:#00aed4\">La M\u00e9tallerie<\/h2>\n\n\n\n<figure class=\"wp-block-pullquote\"><blockquote><p>Nous travaillons le fer, les aciers et les aluminiums en fonction de vos besoins. Cr\u00e9ation de pi\u00e8ces personnalis\u00e9es pour les entreprises<\/p><\/blockquote><\/figure>\n\n\n\n<h4>Objectifs<br>&#8230;&#8230;..<\/h4>\n\n\n\n<p><\/p>\n\n\n\n<h4>Proc\u00e9d\u00e9s<br>&#8230;&#8230;..<\/h4>\n","protected":false},"excerpt":{"rendered":"<p>La m\u00e9canosoudure Avec le proc\u00e9d\u00e9 de m\u00e9cano-soudure, on construit des assemblages complexes\u00a0 \u00e0 moindre co\u00fbt \u00e0 partir d\u2019\u00e9l\u00e9ments de diff\u00e9rentes formes. Objectifs&#8230;&#8230;.. Proc\u00e9d\u00e9s&#8230;&#8230;.. La Serrurerie Que vous ayez besoin d\u2019installer une serrure de haute s\u00fbret\u00e9 ou que vous souhaitiez d\u00e9panner votre serrure ou la fermeture centralis\u00e9e de votre voiture, nous interviendrons. Objectifs&#8230;&#8230;.. Proc\u00e9d\u00e9s&#8230;&#8230;.. La M\u00e9tallerie [&hellip;]<\/p>\n","protected":false},"author":1,"featured_media":0,"parent":0,"menu_order":0,"comment_status":"closed","ping_status":"closed","template":"fullwidth.php","meta":[],"_links":{"self":[{"href":"https:\/\/lamecanosoudure.fr\/index.php\/wp-json\/wp\/v2\/pages\/2"}],"collection":[{"href":"https:\/\/lamecanosoudure.fr\/index.php\/wp-json\/wp\/v2\/pages"}],"about":[{"href":"https:\/\/lamecanosoudure.fr\/index.php\/wp-json\/wp\/v2\/types\/page"}],"author":[{"embeddable":true,"href":"https:\/\/lamecanosoudure.fr\/index.php\/wp-json\/wp\/v2\/users\/1"}],"replies":[{"embeddable":true,"href":"https:\/\/lamecanosoudure.fr\/index.php\/wp-json\/wp\/v2\/comments?post=2"}],"version-history":[{"count":8,"href":"https:\/\/lamecanosoudure.fr\/index.php\/wp-json\/wp\/v2\/pages\/2\/revisions"}],"predecessor-version":[{"id":23,"href":"https:\/\/lamecanosoudure.fr\/index.php\/wp-json\/wp\/v2\/pages\/2\/revisions\/23"}],"wp:attachment":[{"href":"https:\/\/lamecanosoudure.fr\/index.php\/wp-json\/wp\/v2\/media?parent=2"}],"curies":[{"name":"wp","href":"https:\/\/api.w.org\/{rel}","templated":true}]}}